*m + 10. Let h be f(7). Let t be (-80)/(-60)*(0 + h). What is the highest common factor of 16 and t?
16
Let a(t) = -3*t - 23. Let l be a(-8). Let v be (-1)/(-3) - (140/(-12) + l). Calculate the greatest common factor of 22 and v.
11
Let g = -121 - -133. What is the greatest common factor of 300 and g?
12
Suppose -i = o + 19 - 54, -3*o - 135 = -3*i. What is the greatest common factor of 136 and i?
8
Suppose -3*l + 138 = 3*w, 0*l - l + 52 = -2*w. Let z = -33 + l. What is the highest common divisor of 105 and z?
15
Let t = -52 + 55. Suppose -4*j = -5*d + 50, 4*d = -2*j + 35 + 5. Let v be (-1 + d)*(t + 11). What is the greatest common divisor of v and 18?
18
Suppose c + 10 = 2*c. Let h be -42 + ((-12)/3 - -3). Let r = -13 - h. What is the greatest common factor of c and r?
10
Let b(f) = f**3 - 3*f**2 - 8*f - 23. Let r be b(7). What is the greatest common factor of r and 52?
13
Let d be (-6)/((-6)/4 - -3). Let g be (0 + 231)*(5 + d). What is the greatest common factor of g and 21?
21
Suppose -521 = -24*t - 17. What is the greatest common factor of t and 35?
7
Let c(g) = 11*g**2 + 3*g + 2. Let x be c(3). Let h be (8 + -2)*x/4. Let k = 12336 + -12321. What is the highest common divisor of k and h?
15
Let s be 2/11 - ((-22464)/(-44))/(-8). What is the highest common factor of 32 and s?
32
Let g = 4 - -19. Suppose -2*n + i - 8 = 6*i, 0 = 3*n + 2*i + 1. Let b be 0 + n + 114 - 0. What is the greatest common divisor of b and g?
23
Suppose 17*v = -21*v + 94050. Calculate the greatest common divisor of v and 99.
99
Let n be (-14)/63 + 110/9. Suppose -2*i = -4*i + 828. Suppose -8*p - 2*w + i = -3*p, 4*w = -12. Calculate the greatest common divisor of p and n.
12
Suppose 0 = 5*z - 5*c - 9 - 106, 0 = -2*c - 10. Let y(u) = 5*u**3 - u**2 + 1. Let l be y(3). Let p = l + -37. What is the greatest common factor of z and p?
18
Suppose 0 = -20*c - 3*c + 1955. What is the greatest common factor of c and 34?
17
Suppose 3*h + 139 = 2*r + 2*h, -5*h + 53 = r. Let k = r + -40. What is the greatest common divisor of k and 84?
28
Suppose 5*z = l + 1342, -4*l + 10 = 18. Calculate the highest common divisor of 670 and z.
134
Let b be ((-8)/(-4) + -22)*(-20)/100. What is the highest common divisor of 37 and b?
1
Let g = 10 + 4. Suppose -80 = g*a - 9*a. Let m be (-172)/a + 2/8. Calculate the highest common factor of m and 11.
11
Let b be ((-132)/(-15))/(305/300 + -1). What is the greatest common divisor of 198 and b?
66
Let p be (-5)/1 + 1 + 310. Let z = 0 - -34. Calculate the greatest common factor of p and z.
34
Let w be 0 + 492/27 + (-6)/27. Suppose 133 = 5*k + 2*g, -4*k + 104 = -g + 5*g. Calculate the highest common factor of w and k.
9
Let d be (-326)/(-3) + 5*16/(-120). What is the highest common divisor of d and 180?
36
Let g = -29 - -55. Suppose 3*s - 3 = 24. Let a be (50 - s) + -2 + 0. What is the highest common factor of g and a?
13
Suppose 7*f - 480 = -f. Let r be ((-63)/15)/(2/(-10)). Let y = r - 9. Calculate the greatest common factor of y and f.
12
Suppose -60 = -4*n - u - 2*u, 4*n = 4*u + 32. Let w be (3 + 9/(-5))/((-9)/(-30)). Calculate the highest common divisor of n and w.
4
Let c(i) = i + 25. Let q be c(-14). Suppose 3*v - 5*v - 2*a + 4 = 0, -5*v = 3*a - 16. Suppose -233 = v*w - 673. What is the greatest common divisor of q and w?
11
Let r be 28/21*(2 + 4). Suppose 0 = r*c - 168 - 600. What is the highest common factor of c and 48?
48
Let h(b) = b**3 + 20*b**2 - 2*b + 13. Let y be h(-20). Calculate the greatest common factor of 371 and y.
53
Let w be ((-6)/90*5)/(1/(-12)). Suppose w*d - 58 = t, 0 = d + 2*d + 2*t - 49. Calculate the highest common divisor of d and 15.
15
Suppose -3*a + 10 - 1 = 0. Let r be -3 + 0 - (-3 - a). What is the highest common factor of 3 and r?
3
Let f be (9/(-5))/((-52)/260). Let l(t) = 7*t + 1. Let y be l(5). Calculate the greatest common divisor of f and y.
9
Let y = -1795 - -3173. What is the highest common divisor of y and 26?
26
Suppose -15*f + 229 + 311 = 0. Suppose 5*h + 6*c - 450 = 5*c, 0 = -5*c. Calculate the highest common divisor of f and h.
18
Let s(w) = -w**2 + 3*w - 1. Let m be s(1). Let g(k) = 5*k + 2. Let c be g(m). Calculate the greatest common divisor of 14 and c.
7
Let x be (-679)/(-35) + (3 - (-24)/(-10)). Suppose -2*q - 5*k = -20, 2*q = -q + 5*k + 30. Calculate the greatest common divisor of q and x.
10
Suppose 12*a = -4*a - a. Suppose a = -4*u + 160 + 44. What is the greatest common divisor of u and 17?
17
Let n = 944 + 192. What is the highest common divisor of 16 and n?
16
Let m(v) = -v**3 + 11*v**2 - 9*v - 14. Let p be m(10). Let h be (p - -2)/((-3)/204). What is the greatest common divisor of h and 34?
34
Suppose 0 = 12*q - 306 - 294. Calculate the highest common factor of 6 and q.
2
Let s(c) = c**3 - 14*c**2 + c - 14. Let j be s(14). Suppose 0 = 4*p - j*p - 128. Calculate the greatest common factor of p and 4.
4
Suppose -30 = 2*s - 170. Let g = s + -203. Let b be (-3)/(-6)*6 - g. Calculate the greatest common factor of 34 and b.
34
Let n be 6/(-8) + 3/4. Suppose -u + 7*u - 84 = n. Let v = 24 - u. What is the highest common divisor of v and 80?
10
Let m(v) = -v**2 + v + 5. Let j be m(-5). Let x = j + 97. What is the highest common divisor of x and 36?
36
Let s(w) = -4*w + 14. Let n be s(4). Let a be (120 + -3)*n/(-2). Calculate the highest common factor of a and 13.
13
Suppose 0 = 2*t - 6*t + 32. Let m be -1 + -4 + -6 + 31. What is the greatest common divisor of m and t?
4
Suppose -193 - 680 = -3*r. Suppose r = 5*t + 4*q, 0*q - 4*q = -16. Calculate the highest common divisor of t and 22.
11
Suppose 5*t = -0*t. Let f(l) = -l + 11. Let o be f(t). Let v = 26 - o. What is the highest common factor of 6 and v?
3
Let g = -25 + 7. Let u(m) = -m**2 + 7*m + 3. Let o be u(8). Let c = o - g. Calculate the highest common factor of 65 and c.
13
Suppose -13 = -w - 5*u, u + 103 = 4*w - w. What is the greatest common factor of 1947 and w?
33
Suppose 10*v = 15*v - 40. Let j be (-2)/v - (-205)/4. Calculate the greatest common factor of j and 408.
51
Let p = -277 - -280. Calculate the highest common divisor of p and 58.
1
Let c = -29 + 50. Suppose 3*g - 11 = 4. Let t be 36/g + 9/(-45). Calculate the highest common factor of c and t.
7
Let r be 0 - -3 - (6 - 13)/7. Let j be 388*r/48 - (-3)/(-9). What is the highest common factor of j and 128?
32
Suppose -5 = -4*v + 3. Let m(s) = 2*s**3 - 4*s**2 + 2*s + 2. Let t be m(v). Let f be (t/7)/(3/126). Calculate the greatest common divisor of 9 and f.
9
Let c(n) = 5*n**2 + 7*n - 15. Let i be c(3). Calculate the highest common divisor of 85 and i.
17
Let d be (-3)/3 + (1 - -34). Let s = d - -21. Calculate the greatest common divisor of 5 and s.
5
Let q(p) be the third derivative of p**5/12 + 5*p**4/12 + p**3/3 + 12*p**2. Let j be q(-5). What is the greatest common factor of j and 7?
7
Suppose 5*o = -4*a + 73, 11*o - a = 12*o - 15. Calculate the greatest common divisor of 780 and o.
13
Suppose -566 = -47*o + 45. Let f(l) = 12*l**2 + 2*l - 1. Let y be (-1)/2*(-8 - -6). Let h be f(y). Calculate the greatest common factor of h and o.
13
Let h(t) = t**3 + 12*t**2 + 23*t + 40. Let i be h(-7). What is the highest common factor of i and 341?
31
Suppose -2*y - y - 93 = -3*l, -3*l = 4*y + 117. Let j be y*5/(30/(-8)). Calculate the greatest common divisor of 20 and j.
20
Suppose 0*q + 4*k = q - 21, -q = 2*k - 9. Let u be (-2)/4 - 7/(-2). Let r be (-20)/u*156/(-8). What is the highest common divisor of r and q?
13
Let j = 382 + -381. Calculate the highest common divisor of 16 and j.
1
Suppose 3*g - 17 = -0*g - 2*h, 0 = -4*g + 5*h + 61. Calculate the highest common divisor of 234 and g.
9
Let l(y) = y**2 - 3*y + 3. Let w be l(3). Suppose 792 = -0*i + w*i. Calculate the highest common factor of i and 24.
24
Let d = 16 - 12. Let v = d - 4. Suppose -z + 8 + 56 = v. Calculate the highest common factor of 16 and z.
16
Let m(b) be the first derivative of 3*b**4 + b**2/2 - b - 1. Let u be m(1). Let j be (-3)/(((-6)/8)/1). Calculate the greatest common divisor of u and j.
4
Let z = -669 - -693. What is the highest common divisor of 42 and z?
6
Suppose -3*z + 648 = z. What is the highest common factor of 108 and z?
54
Suppose j + 25 = w, -5*j + 37 = -0*w + w. Calculate the highest common divisor of 27 and